{"id":87,"date":"2026-04-16T03:10:24","date_gmt":"2026-04-16T03:10:24","guid":{"rendered":"https:\/\/lrc150.ca\/?page_id=87"},"modified":"2026-04-16T03:11:31","modified_gmt":"2026-04-16T03:11:31","slug":"fete-du-80e","status":"publish","type":"page","link":"https:\/\/lrc150.ca\/index.php\/fete-du-80e\/","title":{"rendered":"F\u00eate du 80e"},"content":{"rendered":"<p>Le 13 juin 2026, nous f\u00eaterons le 80e anniversaire de notre Filiale. \u00c0 cette occasion, un grand souper est organis\u00e9.<\/p>\n<p>Si vous \u00eates int\u00e9ress\u00e9s \u00e0 participer, vous pouvez communiquer avec les Camarade Alain Gaudreau agaudreau60@gmail.com et le Camarade Constant Rosa vp@legion150.ca avant le 15 mai 2026.<\/p>\n<p>Voici le menu du souper du 80e anniversaire de la Filiale 150.<\/p>\n<p><img loading=\"lazy\" decoding=\"async\" class=\"alignnone size-full wp-image-88\" src=\"http:\/\/lrc150.ca\/wp-content\/uploads\/2026\/04\/Souper-2-1-scaled.jpeg\" alt=\"\" width=\"1978\" height=\"2560\" srcset=\"https:\/\/lrc150.ca\/wp-content\/uploads\/2026\/04\/Souper-2-1-scaled.jpeg 1978w, https:\/\/lrc150.ca\/wp-content\/uploads\/2026\/04\/Souper-2-1-232x300.jpeg 232w, https:\/\/lrc150.ca\/wp-content\/uploads\/2026\/04\/Souper-2-1-791x1024.jpeg 791w, https:\/\/lrc150.ca\/wp-content\/uploads\/2026\/04\/Souper-2-1-768x994.jpeg 768w, https:\/\/lrc150.ca\/wp-content\/uploads\/2026\/04\/Souper-2-1-1187x1536.jpeg 1187w, https:\/\/lrc150.ca\/wp-content\/uploads\/2026\/04\/Souper-2-1-1583x2048.jpeg 1583w\" sizes=\"auto, (max-width: 1978px) 100vw, 1978px\" \/><\/p>\n","protected":false},"excerpt":{"rendered":"<p>Le 13 juin 2026, nous f\u00eaterons le 80e anniversaire de notre Filiale. \u00c0 cette occasion, un grand souper est organis\u00e9. Si vous \u00eates int\u00e9ress\u00e9s \u00e0 participer, vous pouvez communiquer avec les Camarade Alain Gaudreau agaudreau60@gmail.com et le Camarade Constant Rosa vp@legion150.ca avant le 15 mai 2026. Voici le menu du souper du 80e anniversaire de [&hellip;]<\/p>\n","protected":false},"author":1,"featured_media":0,"parent":0,"menu_order":0,"comment_status":"closed","ping_status":"closed","template":"","meta":{"footnotes":""},"class_list":["post-87","page","type-page","status-publish","hentry","post"],"_links":{"self":[{"href":"https:\/\/lrc150.ca\/index.php\/wp-json\/wp\/v2\/pages\/87","targetHints":{"allow":["GET"]}}],"collection":[{"href":"https:\/\/lrc150.ca\/index.php\/wp-json\/wp\/v2\/pages"}],"about":[{"href":"https:\/\/lrc150.ca\/index.php\/wp-json\/wp\/v2\/types\/page"}],"author":[{"embeddable":true,"href":"https:\/\/lrc150.ca\/index.php\/wp-json\/wp\/v2\/users\/1"}],"replies":[{"embeddable":true,"href":"https:\/\/lrc150.ca\/index.php\/wp-json\/wp\/v2\/comments?post=87"}],"version-history":[{"count":3,"href":"https:\/\/lrc150.ca\/index.php\/wp-json\/wp\/v2\/pages\/87\/revisions"}],"predecessor-version":[{"id":91,"href":"https:\/\/lrc150.ca\/index.php\/wp-json\/wp\/v2\/pages\/87\/revisions\/91"}],"wp:attachment":[{"href":"https:\/\/lrc150.ca\/index.php\/wp-json\/wp\/v2\/media?parent=87"}],"curies":[{"name":"wp","href":"https:\/\/api.w.org\/{rel}","templated":true}]}}