{"id":62,"date":"2025-12-16T03:19:59","date_gmt":"2025-12-16T03:19:59","guid":{"rendered":"https:\/\/lrc150.ca\/?page_id=62"},"modified":"2026-03-07T03:06:38","modified_gmt":"2026-03-07T03:06:38","slug":"legion-cafe","status":"publish","type":"page","link":"https:\/\/lrc150.ca\/index.php\/legion-cafe\/","title":{"rendered":"L\u00e9gion-Caf\u00e9"},"content":{"rendered":"<p>Les 3e mardis de chacque mois, vous \u00eates invit\u00e9s \u00e0 un caf\u00e9 rencontre \u00e0 10h00. Voici les endroits pour la prochaine ann\u00e9e :<\/p>\n<p>18 Mars 2026 &#8211; Normandin Montmagny &#8211; 25 Tach\u00e9 Est Montmagny<\/p>\n<p>15 Avril 2026 &#8211; L\u2019\u00c9veil 334 Bl. Nilus-Leclerc, L\u2019Islet<\/p>\n<p>20 Mai 2026 &#8211; Jasmin &#8211; 895 Principale, Tourville<\/p>\n<p>17 Juin 2026 &#8211; Parc des Chutes &#8211; 305 route 281, Armagh<\/p>\n","protected":false},"excerpt":{"rendered":"<p>Les 3e mardis de chacque mois, vous \u00eates invit\u00e9s \u00e0 un caf\u00e9 rencontre \u00e0 10h00. Voici les endroits pour la prochaine ann\u00e9e : 18 Mars 2026 &#8211; Normandin Montmagny &#8211; 25 Tach\u00e9 Est Montmagny 15 Avril 2026 &#8211; L\u2019\u00c9veil 334 Bl. Nilus-Leclerc, L\u2019Islet 20 Mai 2026 &#8211; Jasmin &#8211; 895 Principale, Tourville 17 Juin 2026 [&hellip;]<\/p>\n","protected":false},"author":1,"featured_media":0,"parent":0,"menu_order":0,"comment_status":"closed","ping_status":"closed","template":"","meta":{"footnotes":""},"class_list":["post-62","page","type-page","status-publish","hentry","post"],"_links":{"self":[{"href":"https:\/\/lrc150.ca\/index.php\/wp-json\/wp\/v2\/pages\/62","targetHints":{"allow":["GET"]}}],"collection":[{"href":"https:\/\/lrc150.ca\/index.php\/wp-json\/wp\/v2\/pages"}],"about":[{"href":"https:\/\/lrc150.ca\/index.php\/wp-json\/wp\/v2\/types\/page"}],"author":[{"embeddable":true,"href":"https:\/\/lrc150.ca\/index.php\/wp-json\/wp\/v2\/users\/1"}],"replies":[{"embeddable":true,"href":"https:\/\/lrc150.ca\/index.php\/wp-json\/wp\/v2\/comments?post=62"}],"version-history":[{"count":2,"href":"https:\/\/lrc150.ca\/index.php\/wp-json\/wp\/v2\/pages\/62\/revisions"}],"predecessor-version":[{"id":74,"href":"https:\/\/lrc150.ca\/index.php\/wp-json\/wp\/v2\/pages\/62\/revisions\/74"}],"wp:attachment":[{"href":"https:\/\/lrc150.ca\/index.php\/wp-json\/wp\/v2\/media?parent=62"}],"curies":[{"name":"wp","href":"https:\/\/api.w.org\/{rel}","templated":true}]}}